mine s(4).
-1426
Let h(v) = -v**2 - 330*v - 13375. What is h(-48)?
161
Let x(m) = 2*m**3 + 35*m**2 - 205*m - 141. What is x(-22)?
13
Let j(v) = 4*v**3 + 60*v**2 - 102*v + 989. Calculate j(-17).
411
Let c(q) = 3*q**3 + 82*q**2 + 98*q - 178. Give c(-27).
-2095
Let x(y) = -16*y**2 + 745*y - 2791. Calculate x(41).
858
Let d(a) = 1183*a**2 + 5915*a + 11. What is d(-5)?
11
Let d(k) = k**3 + 26*k**2 + 15*k + 76. What is d(-22)?
1682
Let a(h) = h**2 + 4535*h - 59108. What is a(13)?
16
Let d(h) = 4*h**3 - 606*h**2 + 143*h - 162350. What is d(153)?
-17
Let r(j) = 18192*j - 109118. Calculate r(6).
34
Let g(v) = -v**3 + 12*v**2 + 14*v - 112. What is g(13)?
-99
Let w(i) = 45*i + 5883. Determine w(-133).
-102
Let h(w) = 4*w**3 - 152*w**2 + 469*w - 11831. Calculate h(37).
46
Let c(l) = -5*l**3 + 465*l**2 + 62*l - 3938. Calculate c(93).
1828
Let l(q) = 6844*q + 239524. What is l(-35)?
-16
Let w(i) = 125964*i + 125955. Give w(-1).
-9
Let r(y) = 517*y + 13910. Give r(-27).
-49
Let s(c) = -347*c + 147817. Determine s(426).
-5
Let t(k) = 4*k**3 - 808*k**2 - 94*k + 18998. Determine t(202).
10
Let i(a) = -3*a**2 - 2351*a + 14033. Determine i(6).
-181
Let o(c) = -3*c**3 - 124*c**2 + 96*c - 101. Calculate o(-42).
-605
Let h(z) = 411*z**2 + 158*z - 9. Calculate h(1).
560
Let z(s) = -2*s**2 - 573*s + 136856. Calculate z(155).
-9
Let c(h) = -2*h**2 + 109*h - 1007. Determine c(45).
-152
Let c(m) = m**3 + 775*m**2 - 332*m + 344541. Give c(-776).
-3
Let s(x) = 7*x**2 - 1835*x + 85898. Calculate s(61).
10
Let l(r) = 14*r**3 + r**2 - 29*r - 83. Calculate l(-4).
-847
Let p(h) = 5*h**3 + 1519*h**2 - 308*h - 1210. Determine p(-304).
6
Let h(r) = -16*r**2 + 7380*r - 1853. What is h(461)?
-9
Let p(u) = -u**2 + 216*u + 4027. Calculate p(242).
-2265
Let l(m) = -20*m**2 - 9307*m - 12567. What is l(-464)?
-39
Let m(i) = -i**3 - 31*i**2 - 2946*i - 73266. Calculate m(-26).
-50
Let g(q) = -36*q + 3378. Give g(90).
138
Let l(f) = -f**2 - 252*f - 596. Calculate l(0).
-596
Let i(z) = -2*z**2 - 12991*z + 208459. Calculate i(16).
91
Let o(a) = -4391*a + 96487. Determine o(22).
-115
Let h(o) = 11*o**2 + 976*o + 7939. Give h(-8).
835
Let l(q) = q**2 - 423724*q + 2966022. Calculate l(7).
3
Let m(t) = -2*t**3 - 114*t**2 + 747*t - 556. Determine m(-63).
11
Let a(c) = -10304*c - 113103. What is a(-11)?
241
Let t(j) = -j**3 - 116*j**2 + 2122*j - 139. Give t(16).
21
Let o(v) = v**3 + 315*v**2 + 7769*v - 2013. Determine o(-288).
3
Let f(v) = -11*v**2 - 263*v - 1396. What is f(-8)?
4
Let g(b) = 523*b**2 - 4176*b - 8. What is g(8)?
56
Let c(j) = -2*j**3 + 16*j**2 - 19*j + 337. Calculate c(10).
-253
Let p(j) = -7*j**2 - 372*j - 23. What is p(-53)?
30
Let i(v) = -90627*v - 2718797. Calculate i(-30).
13
Let c(z) = -85828*z - 772417. What is c(-9)?
35
Let w(n) = -9*n**3 - 7*n**2 + 8*n + 4. Determine w(2).
-80
Let g(m) = -1348*m + 33699. Give g(25).
-1
Let q(n) = n**3 - 58*n**2 - 362*n - 1395. Determine q(64).
13
Let x(f) = 209734*f - 838946. What is x(4)?
-10
Let c(k) = -19*k**2 + 559*k + 407. Determine c(30).
77
Let p(h) = h**3 - 8*h**2 - 157*h - 40. Determine p(-13).
-1548
Let o(g) = -13*g**2 - 58*g + 227. Determine o(-15).
-1828
Let c(h) = -11*h**2 + 1786*h + 6642. Determine c(166).
2
Let j(t) = t**3 - t**2 - 824*t - 3222. Give j(-26).
-50
Let t(c) = 3218*c - 5093. Calculate t(1).
-1875
Let g(k) = 405*k - 13649. Calculate g(29).
-1904
Let r(w) = -2*w**3 + 31*w**2 - 38*w + 1630. Determine r(17).
117
Let u(x) = 7*x**2 + 811*x - 825. What is u(1)?
-7
Let a(q) = -q**2 - 395*q + 19815. Give a(-440).
15
Let p(b) = -3062*b - 33674. What is p(-11)?
8
Let v(k) = -k**3 - 26*k**2 - 72*k - 597. Determine v(-24).
-21
Let m(a) = 2*a**3 + 47*a**2 + 18*a + 970. Give m(-24).
-38
Let m(t) = 52403*t + 628841. What is m(-12)?
5
Let z(c) = -c**2 + 164*c + 18903. Calculate z(-78).
27
Let s(q) = -38*q - 2176. Calculate s(-51).
-238
Let a(d) = -62*d - 18202. What is a(-294)?
26
Let w(s) = 22*s**2 - 1307*s + 518. Give w(59).
-13
Let w(q) = 20*q + 747. Determine w(-70).
-653
Let v(k) = 861*k + 308233. What is v(-358)?
-5
Let v(j) = 148*j**2 - 574*j - 35. What is v(4)?
37
Let l(x) = 4*x**3 + 176*x**2 + 375*x - 54. Determine l(-42).
-1692
Let i(k) = k**3 + 175*k**2 - 1899*k - 9059. Calculate i(-185).
6
Let c(i) = -4*i**3 - 237*i**2 + 205*i + 1468. Calculate c(-60).
-32
Let a(b) = -4761*b - 37624. Calculate a(-8).
464
Let i(p) = 12*p**3 + 313*p**2 - 5415*p + 713. What is i(-38)?
-9
Let l(v) = -v**2 - 21274*v - 403631. Give l(-19).
214
Let i(h) = -6*h**2 + 35266*h + 459476. Determine i(-13).
4
Let t(y) = y**2 - 442*y + 32792. Calculate t(95).
-173
Let d(u) = 5*u**3 + 4*u**2 + 18*u - 215. Determine d(6).
1117
Let m(q) = -q**3 + 107*q**2 - 53*q - 16150. Calculate m(105).
335
Let z(y) = 2*y**2 - 138*y + 1869. Give z(16).
173
Let n(t) = -19*t**2 + 45*t + 151. Calculate n(0).
151
Let j(z) = -19994*z - 3. Determine j(0).
-3
Let p(l) = -20*l**2 - 677*l - 2823. Calculate p(-29).
-10
Let k(h) = -3*h**2 - 6959*h - 48647. What is k(-7)?
-81
Let p(m) = 4006*m - 272366. Determine p(68).
42
Let k(c) = -32024*c + 736551. What is k(23)?
-1
Let v(x) = x**3 + 61*x**2 - 1341*x - 66726. What is v(-66)?
0
Let g(b) = 4*b**2 - 578*b + 20766. Calculate g(79).
68
Let h(u) = -u**3 + 9*u**2 + 64*u. What is h(-6)?
156
Let h(t) = -t**3 + 18*t**2 + 119*t - 915. What is h(22)?
-233
Let z(g) = 8*g**2 + 44*g - 1149. Determine z(15).
1311
Let z(f) = f**2 + 229*f - 55805. Give z(148).
-9
Let g(l) = l**3 + 3025*l**2 - 185103*l + 147. Calculate g(60).
-33
Let j(k) = 5*k**2 - 656*k + 689. Determine j(130).
-91
Let n(q) = 5*q**3 - 250*q**2 - 246*q - 220. Calculate n(51).
239
Let y(h) = -353*h + 8760. Calculate y(25).
-65
Let p(l) = 108*l**2 + 9619*l + 612. Give p(-89).
-11
Let w(o) = -5*o**2 + 1379*o + 658045. What is w(526)?
19
Let h(d) = -48494*d - 290957. Give h(-6).
7
Let k(p) = 10*p**3 + 358*p**2 - 67*p + 84. Calculate k(-36).
-96
Let n(t) = -2328*t - 4992. What is n(-2)?
-336
Let g(j) = -7*j - 754. Calculate g(4).
-782
Let n(i) = 29*i**3 - 22*i**2 + 35*i. Give n(4).
1644
Let s(n) = n**2 - 9106*n + 945106. Determine s(105).
1
Let n(x) = 11*x**2 - 6628*x - 29807. What is n(607)?
-64
Let r(c) = c**3 - 29*c**2 + 120*c - 115. Give r(3).
11
Let y(x) = 381*x - 36446. Determine y(110).
5464
Let r(o) = o**3 - 42*o**2 + 36*o + 194. What is r(41)?
-11
Let s(m) = -m**3 - 460*m**2 - 1287*m + 449538. What is s(-455)?
-2
Let f(j) = -11*j**2 + 1297*j - 1299. Give f(1).
-13
Let n(c) = -199*c + 10769. Calculate n(53).
222
Let s(q) = -2371*q - 4567. Determine s(-2).
175
Let w(x) = 10*x**2 + 101*x - 137. What is w(-13)?
240
Let p(m) = 22998*m - 1632865. Calculate p(71).
-7
Let q(a) = -9*a**2 + 1152*a + 51297. Calculate q(-35).
-48
Let f(c) = 2*c**2 - 138*c + 1357. Give f(10).
177
Let i(f) = -252532*f + 505058. Determine i(2).
-6
Let b(g) = -63*g**2 - 14234*g + 897. What is b(-226)?
-7
Let s(k) = -32*k**3 - 4032*k**2 + 8*k + 259. Give s(-126).
-749
Let p(o) = -o**3 + 703*o**2 - 78405*o + 5046. Calculate p(564).
-30
Let t(m) = -152176*m - 2891351. What is t(-19)?
-7
Let u(c) = 3*c**3 - 134*c**2 + 1215*c + 18. Determine u(32).
-14
Let j(n) = -136708*n + 10663231. Calculate j(78).
7
Let t(f) = f**3 + 13*f**2 - 4*f - 105. Calculate t(-11).
181
Let y(f) = -10*f**3 - 13*f**2 - 14*f + 139. What is y(-6)?
1915
Let g(q) = 2*q**3 + 24*q**2 + 16*q + 646. Calculate g(-14).
-362
Let u(m) = 24*m**2 + 527*m + 2257. Determine u(-6).
-41
Let t(i) = -15036*i - 120254. What is t(-8)?
34
Let o(b) = 3*b**2 - 13186*b - 132164. What is o(-10)?
-4
Let c(n) = 1522*n - 2. Give c(-1).
-1524
Let y(q) = -4122*q + 1248936. Determine y(303).
-30
Let q(b) = 145157*b + 10015844. Determine q(-69).
11
Let c(v) = -v**3 - 72*v**2 - 18*v + 3803. What is c(-71)?
40
Let a(o) = 3*o**3 + 5166*o**2 + 20640*o + 41232. Give a(-1718).
0
Let q(n) = -1451*n - 21862. Calculate q(-15).
-97
Let y(i) = -2*i**2 - 706*i + 11052. Determine y(15).
12
Let x(y) = 69*y - 33053. What is x(477)?
-140
Let q(v) = -5*v**3 + 255*v**2 - 484*v - 300. Calculate q(49).
-6
Let c(m) = -1160*m + 244515. Calculate c(211).
-245
Let l(i) = i**2 - 41*i + 72. Determine l(2).
-6
Let r(v) = 11478*v + 195041. What is r(-17)?
-85
Let j(u) = u**3 - u**2 - 141*u + 736. Give j(6).
70
Let a(o) = -2*o**3 - 182*o**2 + 218*o + 1047. Give a(-92).
-2081
Let s(l) = 2080